te u(0).
112
Let h(w) = 65*w**2 + 3624*w - 82. Give h(-56).
814
Let z(f) = f**3 - 54*f**2 + 112*f - 1015. Give z(52).
-599
Let l(x) = 615*x + 7210. Calculate l(-13).
-785
Let l(b) = -6257*b + 31476. Give l(5).
191
Let w(o) = 32*o**2 - 1046*o - 10. Give w(34).
1418
Let k(n) = -7*n**3 - 4153*n**2 + 2970*n + 5. Calculate k(-594).
5
Let j(h) = 3*h**3 - 612*h**2 - 459*h - 32004. Give j(205).
-24
Let m(v) = 88*v - 9391. Determine m(107).
25
Let t(q) = -3*q**2 - 356*q - 10400. What is t(-67)?
-15
Let m(f) = -f**3 - 52*f**2 + 70*f + 6701. Determine m(-12).
101
Let a(f) = -2*f**3 + 87*f**2 + 510*f - 12898. Determine a(46).
-18
Let b(h) = -h**2 - 2992*h + 102901. Give b(34).
17
Let f(k) = 10*k**2 + 1176*k - 1190. Determine f(1).
-4
Let u(h) = 14*h**2 - 2415*h - 1180. Calculate u(173).
31
Let g(n) = n**2 - 14048*n - 126511. Determine g(-9).
2
Let c(n) = -2766*n**2 + 124292*n + 8005. Calculate c(45).
-5
Let k(i) = -i**2 + 191047*i - 4202538. Determine k(22).
12
Let p(g) = 764*g + 7624. Calculate p(-11).
-780
Let f(p) = -135*p - 3226. Determine f(-23).
-121
Let x(o) = -15*o**3 - 535*o**2 + 3061*o + 13. What is x(5)?
68
Let z(l) = -3*l**3 + 76*l**2 - 68*l + 3104. Calculate z(26).
-16
Let a(g) = -3*g**3 - 30*g**2 - 154*g + 440. Give a(2).
-12
Let j(u) = -u**3 + u**2 + 75*u + 70. Calculate j(9).
97
Let h(i) = -10*i**2 - 316*i - 670. Calculate h(-30).
-190
Let w(o) = -o**3 - 41*o**2 + 200*o + 911. What is w(-45)?
11
Let y(t) = -22*t**3 + 2109*t**2 + 294*t - 572. Give y(96).
4
Let s(o) = 2*o**2 - 274*o - 11160. Give s(-40).
3000
Let g(c) = c**2 - 13*c + 311. Calculate g(-9).
509
Let z(s) = s**2 + 91*s + 2174. Determine z(-47).
106
Let a(h) = 11744*h - 23397. Determine a(2).
91
Let f(a) = -6*a**2 + 936*a - 33845. What is f(57)?
13
Let j(s) = 3*s**3 - 3*s**2 + 1250*s + 5018. What is j(-4)?
-222
Let d(c) = -3*c**3 - 95*c**2 + 158*c + 72. Give d(-33).
-786
Let m(k) = k**3 - 47*k**2 - 186*k - 1. What is m(-4)?
-73
Let p(u) = u**3 + 299*u**2 - 1038*u + 52735. Determine p(-303).
13
Let t(i) = -1413*i + 336301. Calculate t(238).
7
Let c(u) = 342*u + 4618. What is c(-24)?
-3590
Let k(u) = 7*u**2 - 3935*u - 3. Calculate k(0).
-3
Let h(r) = -437*r**2 + 30694*r - 30694. What is h(1)?
-437
Let w(n) = 2*n**3 + 3*n**2 - 1646*n - 3304. Give w(-2).
-16
Let x(y) = -73*y + 92. Give x(47).
-3339
Let r(t) = -8*t**3 - 153*t**2 + 271*t + 2616. Calculate r(-20).
-4
Let r(b) = -2*b**3 - 13*b**2 + 704*b + 709. Determine r(-1).
-6
Let r(k) = -50*k + 3439. What is r(71)?
-111
Let x(z) = 3*z**2 - 75*z + 834. Calculate x(11).
372
Let w(o) = o**3 - 233*o**2 - 4239*o - 41. Give w(-17).
-228
Let a(l) = 6*l**2 + 180*l - 4824. Calculate a(-47).
-30
Let a(g) = 2*g**3 + 67*g**2 - 302*g - 9137. Give a(-34).
-25
Let c(p) = 3*p**2 - 1890*p + 55704. Calculate c(31).
-3
Let t(u) = -46*u**2 + 2896*u + 203. Give t(63).
77
Let u(p) = -57*p**3 - p**2 + 127*p + 366. Give u(-3).
1515
Let j(d) = -7*d**2 - 10077*d - 90132. Determine j(-9).
-6
Let c(g) = -g**3 - 81*g**2 + 816*g - 54. Calculate c(9).
0
Let k(t) = 14*t**3 + 768*t**2 - 3098*t - 28. Give k(4).
764
Let s(n) = -11116*n + 955981. What is s(86)?
5
Let d(f) = 10*f**2 + 67996*f + 135979. What is d(-2)?
27
Let d(f) = -13*f**2 + 138*f - 20. Give d(6).
340
Let c(z) = 8*z**2 + 109*z - 132. Determine c(-14).
-90
Let x(a) = -a**3 - 528*a + 3918. Give x(7).
-121
Let s(v) = v**3 + 15*v**2 - 234*v - 1605. Calculate s(-7).
425
Let v(j) = -41*j**2 + 9*j - 15. Give v(4).
-635
Let u(d) = 2041*d - 781720. Determine u(383).
-17
Let d(b) = -3*b**3 - 22*b**2 - 17108*b - 137003. Determine d(-8).
-11
Let j(r) = 259*r + 31279. Calculate j(-121).
-60
Let q(x) = 24*x**2 + 20204*x - 3400. Calculate q(-842).
-32
Let j(b) = -b**3 + 368*b**2 - 2172*b - 477. Calculate j(362).
-477
Let b(j) = 1916*j + 3751. Give b(-2).
-81
Let u(y) = -y**3 + 171*y**2 + 905*y - 4165. Give u(176).
235
Let a(y) = 4587*y**2 + 18279*y + 8. Calculate a(-4).
284
Let j(a) = -2*a**2 + 302*a - 13239. Determine j(54).
-2763
Let l(z) = 305*z - 15201. What is l(50)?
49
Let z(l) = -l**3 - 128*l**2 + 109*l - 4953. What is z(-129)?
-2373
Let p(i) = 303427*i + 910294. What is p(-3)?
13
Let r(y) = -5*y**2 + 2552*y - 3559. Give r(509).
4
Let i(l) = 176364*l + 2821974. What is i(-16)?
150
Let f(i) = -3*i**2 + 641*i - 14075. Give f(25).
75
Let c(h) = -76*h**2 - 4518*h - 2062. What is c(-59)?
-56
Let p(c) = -36002*c + 575637. Give p(16).
-395
Let x(s) = -2*s**3 + 972*s**2 - 9532*s + 5711. What is x(476)?
-1
Let t(r) = -124*r**2 - 27410*r - 1207. Calculate t(-221).
119
Let v(w) = 3*w**3 - 152*w**2 - 326*w + 14047. Calculate v(51).
22
Let l(k) = -1755*k + 454553. Determine l(259).
8
Let z(a) = 30*a**3 + 2905*a**2 - 484*a + 97. Determine z(-97).
0
Let i(f) = -3*f**3 - f**2 - 135*f - 1186. Determine i(-8).
1366
Let p(v) = 5*v**2 - 89*v + 920. Give p(20).
1140
Let u(l) = -180*l**3 - 2524*l**2 - 56*l - 50. Calculate u(-14).
-50
Let n(u) = -20721*u + 165762. Determine n(8).
-6
Let l(p) = 1889*p - 177068. Give l(94).
498
Let q(d) = -2*d**3 - 11*d**2 - 1172*d - 8271. What is q(-7)?
80
Let b(h) = -27*h**2 - 3460*h - 480. What is b(-128)?
32
Let j(y) = 100*y**2 - 7298*y - 311. Give j(73).
-165
Let a(q) = -4*q**3 - 149*q**2 - 614*q - 15608. Calculate a(-36).
16
Let c(p) = 485*p - 5604. Determine c(9).
-1239
Let k(o) = -10*o**3 - 312*o**2 + 292*o + 1154. Determine k(-32).
2
Let o(n) = 6301*n - 195224. Give o(31).
107
Let k(o) = 3734*o**2 - 3632*o - 95. What is k(1)?
7
Let z(r) = 2*r**3 - 94*r**2 + 431*r - 263. What is z(42)?
199
Let d(o) = -o**3 + 15*o**2 + 6*o + 86. Determine d(14).
366
Let l(z) = 235*z**3 - 1596*z**2 - 348*z + 32. Give l(7).
-3
Let a(w) = 2139*w - 201056. Give a(94).
10
Let c(i) = -616*i**3 - 1851*i**2 - 12*i - 16. Determine c(-3).
-7
Let p(a) = 2*a**2 - 2473*a + 29397. Determine p(12).
9
Let p(a) = a**3 - 12*a**2 - 22*a + 263. What is p(11)?
-100
Let t(m) = 238518*m**2 - 477039*m + 4. Give t(2).
-2
Let b(m) = -12*m**3 - 20*m**2 + 7*m - 4. What is b(-4)?
416
Let z(s) = 74*s**2 + 12*s - 19. What is z(-3)?
611
Let k(l) = -l**2 - 493*l + 43874. Calculate k(77).
-16
Let c(w) = 837*w**2 + 4786*w - 4785. Give c(1).
838
Let w(j) = 6*j**2 + 143*j + 167. Determine w(-6).
-475
Let n(l) = -13560*l + 54599. Calculate n(4).
359
Let x(f) = -2*f**3 + 9*f**2 + 160*f - 1597. Give x(12).
-1837
Let n(v) = -33*v**2 - 538*v + 1703. Determine n(3).
-208
Let k(n) = 745*n - 68529. Give k(92).
11
Let y(o) = -3039755*o + 12159024. Determine y(4).
4
Let n(d) = -8*d**2 - 60*d - 434. Calculate n(-8).
-466
Let g(i) = 3*i**2 + 66*i + 458. Determine g(-35).
1823
Let q(m) = 2*m**2 + 13524*m + 175402. Calculate q(-13).
-72
Let s(w) = -2*w**3 - 27*w**2 + 208*w + 11. Calculate s(8).
-1077
Let g(p) = 8*p**3 - 101*p**2 - 85*p + 402. Calculate g(13).
-196
Let b(x) = -x**2 - 287*x - 8397. Calculate b(-254).
-15
Let c(t) = t**2 - 274*t - 27637. Determine c(352).
-181
Let b(v) = 1004133*v + 14057861. Calculate b(-14).
-1
Let r(d) = 51*d**3 + 102*d**2 + 38*d + 68. What is r(-2)?
-8
Let k(c) = 31*c**2 + 28*c - 55. What is k(2)?
125
Let a(y) = 1896*y + 49213. Determine a(-26).
-83
Let s(j) = 97459*j - 39860727. Determine s(409).
4
Let w(q) = 5*q**2 - 6195*q - 30934. What is w(-5)?
166
Let a(d) = -d**3 - 4*d**2 + 9648*d + 28940. Give a(-3).
-13
Let g(v) = -587*v**2 - 49894*v + 100. What is g(-85)?
15
Let w(n) = -n**2 + 2305*n + 181130. Give w(-76).
174
Let h(d) = -805*d + 2386. Calculate h(3).
-29
Let n(i) = 2*i**3 + 32*i**2 - 2375*i - 36075. Calculate n(-15).
0
Let k(z) = 401*z**2 - 7608*z + 268. Calculate k(19).
477
Let h(i) = i**3 - 113*i**2 + 1607*i + 9. What is h(15)?
2064
Let j(w) = -w**3 + 18*w**2 - 18*w + 98. Determine j(6).
422
Let v(f) = -3079*f + 184287. Calculate v(60).
-453
Let c(r) = -30548*r - 1099769. Give c(-36).
-41
Let r(a) = -a**3 - 10*a**2 + 22*a + 638. Calculate r(0).
638
Let r(x) = 32*x**3 + 14*x**2 - 85*x - 178. Give r(-2).
-208
Let c(n) = -n**3 - 19*n**2 + 47*n + 1533. Determine c(-16).
13
Let q(a) = -a**2 + 3342*a - 846. Calculate q(0).
-846
Let a(n) = 23*n**2 - 33*n - 109. What is a(3)?
-1
Let f(w) = -3*w**3 + 430*w**2 + 13268*w + 1541. What is f(-26)?
-19
Let j(c) = 8*c**3 - 46*c**2 - 212*c + 498. Determine j(8).
-46
Let o(l) = -3*l**3 - 4*l**2 - 39*l - 65. Give o(-6).
673
Let n(g) = -57*g - 4828. Determine n(-43).
-2377
Let h